10030002 - -100332?
-103323010
In base 2, what is 10 + -1100110110010101101001?
-1100110110010101100111
In base 4, what is -2002333 + 22321?
-1320012
In base 13, what is 6 - 278820?
-278817
In base 8, what is 4 - -1476763554?
1476763560
In base 6, what is -32000355 - -1?
-32000354
In base 4, what is 302301132113 + 10?
302301132123
In base 12, what is -10946 - 27b?
-11005
In base 6, what is 1053 + -1002442?
-1001345
In base 16, what is -3 - 1b5d162?
-1b5d165
In base 11, what is -222442 - -10?
-222432
In base 12, what is -5 + -402a5b9?
-402a602
In base 4, what is 1130123 - 3123023?
-1332300
In base 15, what is -1b4107 - 6?
-1b410d
In base 2, what is -1100111110111011101010000 + 100?
-1100111110111011101001100
In base 14, what is -715 - 1a359?
-1aa70
In base 11, what is 102a - -31492?
32511
In base 16, what is -4251 + 16cd?
-2b84
In base 12, what is -119 + 1627?
150a
In base 16, what is -125aede - 13?
-125aef1
In base 2, what is -1110 - 101000101110110111?
-101000101111000101
In base 5, what is -3132422213 - -10?
-3132422203
In base 12, what is 5 - -853ba7?
853bb0
In base 14, what is a446c549 + 5?
a446c550
In base 16, what is 9cf + 1dfe?
27cd
In base 12, what is 18b + -43836?
-43667
In base 11, what is -32590503 - 3?
-32590506
In base 7, what is 22420 + 15240?
40660
In base 2, what is -1010100100000100100 - -10010111110?
-1010100001101100110
In base 7, what is 6 - -246033623?
246033632
In base 9, what is -4 - 840018?
-840023
In base 14, what is 5423a09 + 8?
5423a13
In base 12, what is -4 + 1a252297?
1a252293
In base 15, what is 24a - 7b6e?
-7924
In base 12, what is 185 - -19354?
19519
In base 7, what is -261424 + -640?
-262364
In base 16, what is -2e06 - bdff?
-ec05
In base 2, what is -111 - -1001110110010010110000100?
1001110110010010101111101
In base 9, what is 1777 - -33075?
34863
In base 4, what is -10221202330210 - 1?
-10221202330211
In base 6, what is 544310543 - -115?
544311102
In base 4, what is -3230302 - -1311233?
-1313003
In base 16, what is -183951 + -3?
-183954
In base 4, what is -11112323 + 20133?
-11032130
In base 12, what is 16 + 392465?
39247b
In base 12, what is 2780575 + 0?
2780575
In base 14, what is -3 - 2d529c?
-2d52a1
In base 9, what is -4022004 + -61?
-4022065
In base 5, what is -13420 + 14103114?
14034144
In base 5, what is 10 + 1300010424?
1300010434
In base 14, what is -217928 + -179?
-217aa3
In base 16, what is 59763 - -11?
59774
In base 3, what is 20020121 + -201211?
12111210
In base 13, what is -191c8 - -179?
-1904c
In base 10, what is -108 + 10968?
10860
In base 13, what is 125ac - 25?
12587
In base 7, what is -5 - 216303603?
-216303611
In base 5, what is -10 + -1312033130?
-1312033140
In base 14, what is 3073 - aa2?
23b1
In base 8, what is 1567166 - -1050?
1570236
In base 9, what is -23453346 - -1?
-23453345
In base 10, what is 62500 + 27?
62527
In base 12, what is 8310 - -b93a?
1804a
In base 16, what is c6b - -360bb?
36d26
In base 8, what is -103 + -450550?
-450653
In base 2, what is 0 + -110010101001111110001?
-110010101001111110001
In base 8, what is 355 - 1407035?
-1406460
In base 4, what is -320131113333 + 2?
-320131113331
In base 15, what is 1 + 98836?
98837
In base 10, what is 14929 - -7013?
21942
In base 10, what is 47992098 + -4?
47992094
In base 6, what is -323115 - -5045?
-314030
In base 2, what is -110101010010011100010011 + 100?
-110101010010011100001111
In base 4, what is 2022031011 + 2101?
2022033112
In base 5, what is -1430310 + 200324?
-1224431
In base 13, what is 3c770c + 5?
3c7714
In base 9, what is -145263811 - -5?
-145263805
In base 15, what is 2 + 1e0be9?
1e0beb
In base 11, what is -2219909 - 5?
-2219913
In base 11, what is -41047330 + 4?
-41047327
In base 2, what is -11111000000110 - -1000?
-11110111111110
In base 2, what is 10101101 + -110010101111010001?
-110010101100100100
In base 7, what is -33633662 - 16?
-33634011
In base 15, what is -349c + -521?
-39bd
In base 3, what is -100122 - 211200222?
-212001121
In base 10, what is -49823340 - 1?
-49823341
In base 11, what is -215 + 7625?
7410
In base 13, what is 421 + -108c2?
-104a1
In base 10, what is 3543746 + -138?
3543608
In base 15, what is 4 + 3a02e76?
3a02e7a
In base 15, what is -6604 + -1128?
-772c
In base 6, what is 12413131 - 1004?
12412123
In base 16, what is -e - 1049bc?
-1049ca
In base 16, what is 106ab8 + -a7?
106a11
In base 14, what is -1d8997 + -9?
-1d89a2
In base 3, what is 102200 - -10101000?
10210200
In base 13, what is a - -a498c6?
a49903
In base 10, what is 1078426 - 101?
1078325
In base 16, what is -2 - 40a0e?
-40a10
In base 7, what is -5 + -501405001?
-501405006
In base 14, what is -3c11c85 + 4?
-3c11c81
In base 6, what is -405 - 141203202?
-141204011
In base 9, what is 335346 - -758?
336215
In base 4, what is 310212101 - 3?
310212032
In base 7, what is 34625304 - 21?
34625253
In base 13, what is -268 + -76c90?
-77228
In base 4, what is -2113000 - -133212122?
131033122
In base 7, what is -1020 + -120130?
-121150
In base 11, what is -2 - -72265809?
72265807
In base 16, what is 7b5 + -216cb?
-20f16
In base 6, what is -25 - -12524251?
12524222
In base 3, what is -102 - 1020211001002?
-1020211001111
In base 11, what is 278 + -16a?
109
In base 2, what is -11101000010010001101111 + -1?
-11101000010010001110000
In base 8, what is -210 - 105500?
-105710
In base 13, what is 19801 + 263?
19a64
In base 16, what is -69 - -62bc5?
62b5c
In base 12, what is 26 - 927205a?
-9272034
In base 4, what is 1101310 - 31033021?
-23331111
In base 4, what is -120121133100133 + 1?
-120121133100132
In base 5, what is -2222201200 + -1?
-2222201201
In base 8, what is 6 - -1030315?
1030323
In base 6, what is -313 - -10500302?
10455545
In base 13, what is 7061 + -31a5?
3b89
In base 3, what is 12210221121101001 - 2?
12210221121100222
In base 8, what is 4477646 - 13?
4477633
In base 4, what is 0 - -1123132220301?
1123132220301
In base 5, what is -134 - -111022423?
111022234
In base 15, what is -90 + 88c9e?
88c0e
In base 11, what is 3 - -11aa8a08?
11aa8a10
In base 9, what is -4 - -2052415?
2052411
In base 13, what is -72100a5 - 2?
-72100a7
In base 13, what is 89 + -5466c7?
-54663b
In base 3, what is -1211110011 - 200120?
-1212010201
In base 14, what is 152 - 10ad58?
-10ac06
In base 8, what is 10146 - 2330?
5616
In base 2, what is 11111101011110010101001 + -100?
11111101011110010100101
In base 6, what is 54034141332 - 1?
54034141331
In base 15, what is -41a00 + 13e?
-418b1
In base 6, what is -1340322 - 11043?
-1351405
In base 14, what is -1592db0 + 10?
-1592da0
In base 9, what is 711408 - -167?
711576
In base 13, what is 240c2 - -2c4?
243b6
In base 11, what is -397602a - -1?
-3976029
In base 12, what is -4ba57 + -668?
-50503
In base 6, what is 1 - -20544145341?
20544145342
In base 15, what is -2 - -4a6c6a3?
4a6c6a1
In base 6, what is -20105 + 2134?
-13531
In base 9, what is -2 + -362055672?
-362055674
In base 16, what is 3 + 159175ad?
159175b0
In base 11, what is -113 + 1334870?
1334758
In base 6, what is 145510 + 2011?
151521
In base 2, what is 10111110101000 - -1101000101?
11001011101101
In base 14, what is 80d3b9 - -4?
80d3bd
In base 14, what is -3881451 - c?
-388145d
In base 4, what is 101210 - -1121232?
1223102
In base 16, what is 14 + -19ea509?
-19ea4f5
In base 4, what is -3221102010 - 12031?
-3221120101
In base 14, what is -12730d8 - 17?
-1273111
In base 4, what is 3212202031 + 30132?
3212232223
In base 13, what is -3 - -4cc5c21?
4cc5c1b
In base 11, what is -2833 + 5a44?
3211
In base 9, what is 6627033 - 7?
6627025
In base 12, what is -13339172 + -5?
-13339177
In base 8, what is 60 - -2212240?
2212320
In base 13, what is -1224 + -7b?
-12a2
In base 7, what is -4 + -4142435053?
-4142435060
In base 5, what is -230343 + 31111?
-144232
In base 14, what is -1a + 677625?
677609
In base 12, what is -168575b - a?
-1685769
In base 15, what is 98 - -a9146?
a91de
In base 3, what is -10111 - 12201210012?
-12201220200
In base 8, what is 5 - 6452570?
-6452563
In base 15, what is 1813 + -4ba38?
-4a225
In base 15, what is -94 - 3e847?
-3e8db
In base 15, what is 28d9 + -7028?
-463e
In base 15, what is -381e7a - 10?
-381e8a
In base 2, what is 100101001110 - -10010111010000?
10111100011110
In base 3, what is 20200121 - 102202211?
-12002020
In base 16, what is -5 - 1